et i(n) be the second derivative of -2*n**3/3 - 3*n**2/2 + 9*n. Let d(f) = k*i(f) + 7*u(f). What is d(-5)?
6
Let y(m) be the first derivative of m**4/4 - 8*m**3/3 - 4*m**2 - 10*m - 14. Calculate y(9).
-1
Suppose 2*n = -2*z + 4, 2*n - 8 = 4*z - 34. Let b(h) = 2*h**2 + 3*h - 1. Let v(k) = k**3 - 14*k**2 - 6*k + 5. Let i(t) = 4*b(t) + v(t). Determine i(z).
6
Let j(w) be the second derivative of -w**3/3 - 7*w**2/2 - w - 250. Calculate j(-8).
9
Let i = 276 - 268. Let l(c) = -9*c - 1 + 12*c - 4. Give l(i).
19
Suppose 5*c + 223 - 224 = 3*y, -25 = -5*c - 5*y. Let w(b) be the second derivative of -b**5/20 + b**4/6 - 2*b**3/3 + b**2 + b. Calculate w(c).
-6
Let w(p) be the first derivative of p**3/3 - 3*p**2 - 12*p + 6. Determine w(9).
15
Let l(m) = -m**2 + 10*m - 17. Let b be l(7). Suppose -6*p - b*v + 12 = -2*p, 0 = -v. Let f(d) = -d**2 + 7*d - 4. Determine f(p).
8
Suppose 0 = 4*u - 8 - 0. Let n(k) be the first derivative of k**6/360 - k**5/60 + k**4/8 + 2*k**3 - 9. Let p(x) be the third derivative of n(x). Calculate p(u).
3
Let p(y) = y**3 + 15*y**2 + 27*y + 15. Let k be p(-13). Let u(f) = k - 4*f + f**2 - 10 + 2 - 1. Calculate u(5).
-2
Let h(f) = -f**2 + 9*f - 8. Let x = -12 - -19. Let p(j) = -j**3 + 3*j**2 - j - 1. Let y be p(2). Suppose x - y = v. What is h(v)?
10
Let f(j) = 187*j**3 + 0*j - 6*j**2 + j + 188*j**3 - 374*j**3 + 2 + j**2. Determine f(5).
7
Let h(j) = j**2 - 4*j - 1. Let o = 13 + -10. Let i be o/(-6) + 213/(-6). Let m = 41 + i. Give h(m).
4
Let q(k) = -5*k**2 + 37*k + 4. Let o(i) = i**2 - 9*i - 1. Let v(c) = 9*o(c) + 2*q(c). Let s = -531 - -525. Determine v(s).
5
Let s = -36 - -38. Let j(b) = s*b**2 + 5*b + 3*b**3 + 34 + b**3 - 35 - 5*b**3. Calculate j(4).
-13
Let f(c) be the second derivative of -3/2*c**2 + 1/3*c**3 - 1/6*c**4 - 4*c + 1/20*c**5 + 0. What is f(2)?
1
Let z(n) be the first derivative of n**4/4 - 4*n**3 + 11*n**2/2 + 3*n + 646. Determine z(11).
3
Let l = 317 - 218. Let w = 91 - l. Let y(o) = o**3 + 7*o**2 - 9*o - 11. Give y(w).
-3
Let x(y) be the third derivative of -y**6/40 + y**5/60 - y**4/24 + y**3/6 - 75*y**2 + y. What is x(1)?
-2
Let q(h) = -3*h. Let t(c) = 2*c - 5. Let x(g) = g - 3. Let v(m) = 3*t(m) - 5*x(m). Let n(y) = -2*q(y) - 7*v(y). Let k be 25/10 - (-1)/(-2). Give n(k).
-2
Let w(m) = m**2 - 4*m - 118. Let x be w(13). Let g(p) = -4*p**2 + 2*p + 1. Give g(x).
-5
Let h be 777/(-12) - 3/12. Let v = h + 60. Let o(i) = -i**3 - 5*i**2 - i - 1. What is o(v)?
4
Let n be ((-1)/5 - (-57)/60)*16. Suppose n*h - 9 = 15. Let t(z) = -4*z**2 - 2. Give t(h).
-18
Let j be -1*(-3 - (-4 + 7)). Let x(c) = c + 13 - 10 - j. Let p = 12 + -17. What is x(p)?
-8
Let c be (4/6 + 2)*-3. Let i = c + 10. Let d(v) be the third derivative of 5*v**4/24 + v**3/3 - 3*v**2. Give d(i).
12
Let i(o) = o + 1. Let k(q) = -6*q - 2. Let m(x) = -8*i(x) - k(x). Suppose -3*h + 43 = 5*j, 0*h - h = 5*j - 21. Let n = h - 15. Give m(n).
2
Let c(v) = -12 + 11*v - 95*v**2 + 94*v**2 + 2. Let o(r) = 7*r + 52. Let b be o(-6). What is c(b)?
0
Let j(z) = 24*z - 30. Let a(i) = -55*i + 60. Let h(d) = 4*a(d) + 9*j(d). Give h(-9).
6
Suppose 7*i - 2*i = 2*u + 26, 3*i + 4*u = 26. Let a(x) = -7*x - 9*x**2 + 21*x**2 - 83 - 11*x**2 + 46 + 46. Give a(i).
3
Let y(o) be the first derivative of 22 - 11 + o - 2*o**2 + 3*o. What is y(3)?
-8
Let o(h) = h**3 + 5*h**2 + 7*h + 6. Let u be (-2)/(-2 + 6)*8. What is o(u)?
-6
Let y(w) be the second derivative of -1/6*w**3 + 0 + 1/12*w**4 - 16*w - 1/2*w**2. Give y(2).
1
Let d(z) = z**3 - z**2 - 2*z. Let w be ((-9)/6)/((-9)/18). Suppose -w*s + 4*r = -6, -2*s - r = -6*r - 11. Give d(s).
-8
Let g(z) be the first derivative of -2*z - 23 + 1/2*z**2. Determine g(6).
4
Let i(j) be the first derivative of -j**2 - 7*j + 1. Let y be (20/(-8))/(-5)*50/(-5). Calculate i(y).
3
Let b(v) be the second derivative of 1/12*v**4 + 4*v**2 - 4/3*v**3 + 0 - 19*v. Calculate b(7).
1
Let h(r) = -59*r + 21. Let b(a) = 157*a - 63. Let p(l) = -3*b(l) - 8*h(l). Give p(-11).
10
Let m(g) = g**3 - 7*g**2 + 7*g - 4. Let i be m(6). Let b(l) = 4*l**2 + 12*l**2 - 8*l**i. Give b(-1).
8
Let f = -20 - -34. Let g = f - 17. Let c(j) = -j**2 - j + 1. Determine c(g).
-5
Suppose -4*o + 27 = 5*q, 4*q - 2*q - 9 = -o. Suppose 1 = -2*z - a + 4, 0 = 4*z - 3*a + 9. Let n(j) = 10 + 0*j - j**q + j**2 + z*j. Calculate n(0).
10
Let a(m) = 5*m**2 + 23*m - 24. Let n(w) = 4*w**2 + 22*w - 27. Let o(g) = -3*a(g) + 4*n(g). What is o(-21)?
6
Let j be -1 + (0/2 - -5). Let c(y) = -y**3 + 6*y**2 - 6*y - 3. Let v be c(j). Let s(n) = n**2 - 7*n - 4. What is s(v)?
-14
Let x(n) = n. Let q(i) = 7*i - 11. Let u(f) = q(f) - 4*x(f). Determine u(6).
7
Suppose 60 = -16*w + 46*w. Let l(r) = -r**3 - r**2 + 4*r - 5. What is l(w)?
-9
Suppose -4*u - 5*a = 17, 2*a = -3*u - 0*u - 4. Let k be (-2)/4*-12 - u. Let n(j) = j**2 - 4*j - 4. What is n(k)?
-4
Suppose -4*w + 4*m = 3*m - 11, -2*w - 3*m = -23. Suppose -4*s = -0*s - w. Let l(d) = d**2 - s - 2*d**2 + 2*d**2 - 1 + d**3 - d. Determine l(-2).
-4
Let i(h) = 5*h - 2. Let v(m) = m. Let n(g) = i(g) - 4*v(g). Let s be n(17). Let r(l) = -11*l + s*l - 6 - 5*l. Determine r(0).
-6
Let q(t) = 4*t**2 + 4*t - 5. Let y be q(-4). Let m(n) = 0*n**2 + n + y + 11*n**3 - n**2 - 22 - 20. Determine m(-1).
-12
Let a(d) = d - 1450 + 1461 - 3*d. Determine a(8).
-5
Let y(u) be the third derivative of -u**4/12 + 4*u**3/3 + 39*u**2. Determine y(4).
0
Let n(d) = d**2 - d - 4. Let p be n(0). Let i = 5 - p. Let u be ((-3)/i)/(3/9). Let s(z) = z. Determine s(u).
-1
Let b be 6/(-12) + 199/(-2). Let o be 9/63 - b/(-14). Let t(f) = f**2 + 6*f - 4. Determine t(o).
3
Suppose n - 3*t = 10, -n = -6*n - t - 14. Suppose -w - 10 = -4*w + 2*u, 0 = u + 2. Let i(y) = -54 + 54 - w*y**2. Determine i(n).
-8
Let g(i) = -i - 1. Let r be g(-4). Suppose -z = r*z - 8. Suppose -6 = -5*a - 5*d + 9, 3*a + z*d = 11. Let s(v) = v. Determine s(a).
5
Suppose 2 = -2*v, 2*h - v = 3*v + 6. Let n(b) = h - 1 + 1. Let x(m) = -m - 1. Let l(w) = n(w) + x(w). Give l(-2).
2
Let i(x) = 4*x - 2. Let l be i(2). Let u(j) be the first derivative of -3*j**2/2 + 9*j - 7345. Calculate u(l).
-9
Suppose 0*m + u = 5*m - 47, 0 = 3*u - 9. Suppose -2*k = -0*k + m. Let b(f) = 97*f + 0 + 4 - 96*f. Calculate b(k).
-1
Let x = -24 + 24. Let c(o) = -o + 7. Let k(z) = z - 6. Let p(r) = 4*c(r) + 5*k(r). Calculate p(x).
-2
Let v(t) = 39*t + 52. Let i be v(-5). Let k = i - -147. Let q(c) = c**2 - 4*c - 2. What is q(k)?
-2
Suppose -4*j + 4*z + 13 = -3, 0 = -3*j + z + 14. Let a = -2 + j. Let c(m) = m**a + 0*m**3 - 2*m**2 - 2*m**2 + m + 2. Calculate c(3).
-4
Let t(i) = -i**3 - i**2 + i + 8. Let a(n) = -n**2 + 1. Let o(c) = -4*a(c) + t(c). Let r = -58 - -61. What is o(r)?
7
Suppose 9 = -5*t + 24. Let d(n) = 262*n**2 + n - 8*n - 7 - n**t + 264*n**2 - 533*n**2. What is d(-6)?
-1
Suppose -p - 4 = 4*m - 0*p, 4*m - p = 4. Suppose -4*n + n = -5*w + 5, m = 4*w - 16. Let o(f) = -f**2 + 5*f + 5. Give o(n).
5
Let h = -455 + 452. Let j(v) = -v**2 - v + 2. Determine j(h).
-4
Let g be 6*(-10)/20 - (1 + -9). Let o(c) be the first derivative of c**2 + 1. Let s(w) = -w. Let k(j) = g*o(j) + 7*s(j). What is k(-3)?
-9
Let o(j) = j**2 + 7*j - 1. Let c = 81 - 116. Let z = c + 28. Calculate o(z).
-1
Let i(d) = -4*d**3 + 2*d**2 - 1. Let g(j) = -j**2 + 8*j + 5. Let v be g(8). Let x be -4 + 1 + 0 + -1 + v. Calculate i(x).
-3
Suppose -2*f + 6 = f. Let q(j) = 10 - 5*j**f + 3*j**3 - 9 - 2*j**3. Let n = 25 - 21. Calculate q(n).
-15
Let n(s) = -5*s + 17. Let t be n(9). Let k = 34 + t. Let i(d) = -d**2 + 9*d - 4. Determine i(k).
14
Let m = 12 + -10. Let x(b) = b**3 - 7*b**3 - 6*b**2 + 1 - 2*b**m + 7*b**2. Determine x(-1).
6
Let k(h) = h**3 + h**2 + 2*h + 2. Let s(v) = -v - 5. Suppose -3*c = 34 - 13. Let w be s(c). Suppose w*r + 3 = -1. Give k(r).
-6
Let q be 0/(0 + 1 + -2). Let k(l) = l**2 + 1106 - 1098 - 37*l + 26*l + 10*l. Calculate k(q).
8
Let w = -23 - -16. Let v(x) be the first derivative of x**4/4 + 2*x**3 - 7*x**2/2 - 3*x - 6. Give v(w).
-3
Let u(i) = -4*i**2 - 11*i - 10. Let v(b) = 3*b**2 + 9*b + 10. Let y(t) = -4*u(t) - 5*v(t). Calculate y(-3).
2
Let r(j) = -10*j + 111. Let m be r(12). Let g(h) = -h - 13. Calculate g(m).
-4
Let r(u) = -4 - 7*u**2 - 1 - 1 + u**3 + 3*u + u**2. Suppose 8 = 6*o - 22. Give r(o).
-16
Let n(s) = s**2 - s. Let i(d) = d**3 - 2*d. Let g be i(0). Give n(g).
